rime number?
False
Is (101 - 102)*(2 + -1797641) prime?
False
Suppose c + 4*s + 20 = 0, 0*c - 5*s = -2*c - 79. Let d = 477 + c. Let n = -219 + d. Is n a composite number?
True
Let x(u) = 103*u**2 - 4*u + 6. Let q be x(5). Let j(f) = q + 10*f - 6*f + 4*f - f**2. Is j(0) a composite number?
True
Suppose 0 = 51*h - 58*h - 2156. Let f = 1705 + h. Is f composite?
True
Suppose 12386 = 4*i + 4*g - 4374, -4*i = -g - 16770. Is (-1 - 6/(-9)*6) + i composite?
True
Suppose -12*o - 15 = -63. Is o*((-19)/4 - -4) + 2724 a composite number?
True
Let f be 849216/54 + 2/(-9). Suppose 0*v - 2*v = f. Let l = -4352 - v. Is l composite?
False
Suppose 0 = 4*a - 5 - 11. Suppose -5*t = 5*c - 2545, -c + 2531 = a*c - 2*t. Suppose -2*y + 3127 + c = 0. Is y prime?
False
Let y be (4/(-2))/((-6)/(-60)*-5). Suppose y*x + 6*x = 16690. Is x a composite number?
False
Suppose -44258563 = -16*x - 13908947. Is x composite?
True
Is (-3)/6 - (-2409285)/30 prime?
True
Suppose -1390512 = -17*o - o - 30*o. Is o prime?
False
Is 433972/28 - (1 - -5) prime?
True
Let j be (-2)/6*0/(-8). Suppose -3*k + 6261 = 5*x - 11539, 5*x - 4*k - 17765 = j. Is x a prime number?
True
Let m(j) = 7094*j - 2021. Is m(119) composite?
True
Let o = -381416 + 698955. Is o a prime number?
True
Suppose 110988 = -69*p + 715497. Is p prime?
True
Let u(g) = -33*g - 49*g + 62*g + 89. Is u(-3) prime?
True
Let d be 49/14*(-1 + 3). Let l(r) = 2*r**2 - 8*r - 6. Let q be l(d). Is q + ((-20)/(-12) - (-2)/(-3)) a prime number?
True
Let q(l) = 4*l**3 - 4*l**2 + 101*l - 1. Is q(8) composite?
True
Is (-24)/21 + 2 - (-1)/(28/752308) a composite number?
True
Let j(n) = n**3 + 5*n**2 + 4*n + 4. Let u be j(-4). Suppose -u*h + 2*h - 2*f = 10, -f = -3. Is 2070/40 - (-6)/h prime?
False
Let i(y) = -y**3 + 2*y**2 - 2*y + 301091. Is i(0) a prime number?
False
Suppose -5*y + 22 = -0*k + 3*k, 4*y - 20 = -3*k. Suppose 4*g + 5*r = 4451, 0*r - 4*r = k. Is g prime?
False
Let z be (2 - 4) + (0 - -5) + -3. Suppose z = f + 2*f - 6. Is 2/(-4)*((-787 - f) + -5) composite?
False
Suppose z - 2*z - g + 4 = 0, z = g. Suppose z*f = -2*n + 27792, -7*f + 69460 = -2*f + n. Is f a composite number?
True
Let c(y) = y**3 - 4*y + 449. Let d(m) = -m**2 - 7*m - 12. Let n be d(-4). Is c(n) a prime number?
True
Suppose -11*z - 10782 = -9*z. Suppose -12*p + 13*p + 2734 = 0. Let w = p - z. Is w a prime number?
True
Suppose 3*z - 4*w + 8637 - 41062 = 0, -32420 = -3*z + 5*w. Suppose 0 = -25*v - 10*v + z. Is v a prime number?
False
Let t(c) = -77*c**3 - 6*c**2 + 12*c + 5. Let u be t(6). Let j = -8432 - u. Is j a composite number?
True
Let h = 2479 + -2434. Suppose 4*z + 322 + 298 = 5*i, -148 = -i - 4*z. Let k = i - h. Is k a prime number?
True
Let l be (5/2 + -2)/((-6)/(-48)). Suppose -p = 2*i - 0*i - 1, l*i = -4*p + 8. Suppose c = -p*c + 1388. Is c composite?
False
Let o(g) = 9*g**2 + 1 - 5*g**2 - 8 + 0 + 0 - 27*g. Suppose 5*p + 64 = 2*r, 0*r = -2*p - 5*r - 14. Is o(p) a prime number?
False
Suppose 7912 = -5*f - 7418. Let o = -5443 - f. Let w = -1304 - o. Is w composite?
True
Let u(a) be the second derivative of -307*a**3/3 + 65*a**2/2 + 67*a. Is u(-4) composite?
False
Let c(d) = -1357*d - 13. Let m(t) = 4070*t + 39. Let v(s) = 11*c(s) + 4*m(s). Is v(2) a prime number?
True
Suppose -z - 767079 = -17*z + 7*z. Is z a prime number?
False
Suppose 2*f + l = 66837, 0 = 3*l - 9 + 24. Suppose 0 = 21*d - 2*d - f. Is d composite?
False
Let h(l) = -267*l**3 - 14*l**2 + 2*l - 2. Suppose -5*r - 10 = -3*o, -8*o - 25 = -4*o + r. Is h(o) prime?
True
Suppose 3*i + 21*y - 7231420 = 26*y, 7231410 = 3*i - 3*y. Is i prime?
False
Let v = -385 - -388. Suppose -v*o - 2*s + 7509 = 0, 0 = -0*s + 4*s. Is o a composite number?
False
Is 3710880/64 + (-2)/(-4) prime?
False
Let h = 125 - 132. Let g(v) = -362*v - 31. Is g(h) a prime number?
True
Let q = -18721 - -31612. Is q prime?
False
Let x = -655 + 1284. Is x*(14/(-28) - 3/(-2)) a prime number?
False
Let v(k) = -5458*k - 983. Is v(-6) prime?
False
Let c(o) = 9*o**2 + 375*o - 35. Is c(33) a prime number?
False
Let j(m) = m**3 + 5*m**2 - 17*m + 1. Let n be j(-7). Suppose 0 = n*o - 58756 - 214858. Is o prime?
True
Suppose 0 = -4*h + 171*h - 22573891. Is h a prime number?
True
Let d(f) = 2*f**3 - 34*f**2 + 31*f - 25. Let p be d(24). Let x = p - 5772. Is x a composite number?
False
Let b(m) = 50*m**2 - 40*m + 437. Is b(23) prime?
False
Let c = -16427 + 46090. Is c composite?
False
Suppose 2*a = -0*a + 14. Let g be (-1194)/(-4)*(a + -3). Suppose -5*z - z = -g. Is z prime?
True
Suppose -5*i = -3*z + 21487, 4*i + 8495 = 6*z - 34467. Is z a prime number?
True
Suppose 2*c - 3*y - 56938 = 0, -82*y - 113844 = -4*c - 84*y. Is c a prime number?
True
Suppose -n + 2207 = -3*z - 173, 1572 = -2*z - 3*n. Let x = z - -1631. Is x prime?
True
Let y(k) = 371 + 367 - 9*k - 755 + k**2 - 56*k**3 + 5*k**3 - 67*k**3. Is y(-5) a prime number?
False
Suppose 5*t + 20 = 0, -t + 2 = 3*f - 0. Suppose 7 = -4*b + f*b - d, 2*d - 6 = b. Is -1*(b + -244) - -1 a composite number?
True
Suppose 31*n - 2065 - 1407 = 0. Suppose -3468 = -4*x - n. Is x a prime number?
True
Let y(l) = -269*l**3 + 15*l**2 + 23*l + 151. Is y(-6) a prime number?
True
Suppose 0 = -5*x + 15, 2*b - 59 = x. Suppose -28*z = 5*h - b*z - 35662, -3*h + 21400 = z. Is h a prime number?
False
Suppose 18*z = -12757 - 2111. Let q be ((-36)/15)/(2/15). Is (q/36)/(1/z) composite?
True
Let k(i) be the first derivative of i**3/3 + i**2/2 + 2*i - 6. Let r be k(-1). Is (8/4)/(r/381) prime?
False
Let r(m) = 97*m + 278*m**2 - 42*m + 1 - 61*m + 0*m**2. Is r(-3) composite?
False
Suppose -88541 - 20643 - 12684 = -4*b. Is b composite?
False
Suppose 238009 = 2*o + 4*t - 7*t, 2*o - 238006 = 4*t. Suppose 5*c + 2*j - o = 0, 2*c - 8*j + 4*j = 47618. Is c a prime number?
False
Let p(i) = 9*i + 4. Let x be p(3). Let z be (270/21 + -4)*7. Is 7/4*374 + x/z a composite number?
True
Let w be (-64)/(-288) + (-2)/9. Suppose 7*l - 8641 - 5128 = w. Is l composite?
True
Let c = 237 + -224. Suppose -9*g - 1588 = -c*g. Is g prime?
True
Let u(i) = 66*i**2 - 37*i - 695. Is u(-12) a prime number?
False
Is 35*7/196 + (-106926)/(-8) prime?
True
Suppose 126*w - 1237906 = 92*w. Is w composite?
True
Suppose -39*o + 3409116 = -1384542 - 5488263. Is o a prime number?
False
Let y = 36 + -31. Suppose y*o + 10 = -5*w, -o - 2*o - 3 = 4*w. Is (-7403)/o - 46/(-115) a composite number?
False
Suppose 154*v - 4494562 - 4354432 = 36134868. Is v composite?
True
Suppose -3*u - 38 = 4*c, 3*u + 0*u + 3*c = -42. Is (-9)/(-54)*u/(-3) + 4326 composite?
False
Let r = 539709 + 161620. Is r composite?
False
Suppose 4*c + 14 = -5*q + 37, q - 3*c = -3. Suppose -3*p + 2*k = -1599 - 778, 0 = 3*p + q*k - 2367. Is p a prime number?
False
Let z = -524552 - -825693. Is z prime?
True
Suppose 155*y - 1756205 = 2547680. Is y composite?
False
Suppose 10*p = 134587 + 42703. Is p a composite number?
False
Let q be 11/44 + 63/4. Suppose 6*g + q = 4*g. Let j(c) = -c**3 - 4*c**2 + 3*c - 9. Is j(g) a composite number?
False
Suppose -117*r + 22910530 + 18602035 = 6107312. Is r prime?
True
Let i(r) = -r**3 + 5*r**2 + 34*r + 24. Let f be i(9). Is 11010*(7 - f) - 7 a prime number?
True
Let j(g) = -2*g - 17. Let y be j(-13). Suppose -31 = -y*r + 5. Suppose -1246 = -r*f - 218. Is f a composite number?
False
Let b be -8*(-3)/84 - 1914/(-14). Let k = b - -476. Is k composite?
False
Suppose 4*i = -5*d + 30519, 0 = -2*d - 10 - 0. Suppose -3*f - 4*g + 32585 = 0, 5*g - 3211 = -f + i. Is f a prime number?
True
Let z be 1*-174*(-175)/(-30)*-3. Let m = z + 1672. Is m a composite number?
True
Suppose u = -24*u + 125. Suppose 3*s = 6*s + 5*m - 6283, -u*m = -5*s + 10525. Is s a composite number?
True
Is (-2 + -1)/(8 + 251883/(-31483)) a composite number?
True
Let x(y) = 1510*y - 11. Let q(j) = -j**3 + 21*j**2 - 40*j + 45. Let d be q(19). Is x(d) a prime number?
True
Let i(x) = -3589*x**2 - 2*x + 9. Let y(s) = -3588*s**2 - 3*s + 7. Let b(j) = 5*i(j) - 6*y(j). Is b(2) a composite number?
True
Let l = -29 + 33. Suppose 6 = 2*u - 4, -l*n + 9342 = 2*u. Is n prime?
True
Let b(y) = -10*y**3 + 5*y**2 + 2*y - 3. Let h be b(-3). Let r = 515 + h. Is r composite?
False
Let m be (-24)/(-5) + 12/60. Suppose -2*n = -m*i - 1, -3*n - 9 = -6*n. Is (1409 + (-4)/(-2))*i a prime number?
False
Let p(n) = -353925*n + 18436. Is p(-7) a